 Suppose -c*m = -u*m - 130. Is 22 a factor of m?
False
Suppose -91*a + 58628 = -15719. Is 19 a factor of a?
True
Let z(k) = k**3 + 19*k**2 + k + 81. Suppose 0 = 6*c - 31 + 139. Is 37 a factor of z(c)?
False
Let u(g) = -g**3 + 21*g**2 + 32. Let v be (-237)/(-12) + 15/60. Is u(v) a multiple of 27?
True
Let w(x) = -4*x - 14. Let l be w(-4). Suppose -1162 - 36 = -l*p. Does 16 divide p?
False
Suppose 101*z - 49910 = -2837 + 61300. Suppose -c = 2*c + 5*s + 2306, 0 = -4*c + 3*s - 3036. Let r = z + c. Is r a multiple of 40?
False
Let a be (-35)/(-14)*(-12)/(-10). Suppose 2*x - 2*b = 484, -a*x - 3*b + 967 - 223 = 0. Suppose -v + 2*o + x = o, -2 = -o. Does 15 divide v?
False
Let g(k) = 4*k**3 - 4*k**2 + 10*k**2 + k**3 - 6*k**3 + k + 9. Let i be g(6). Suppose i*q - 1856 = 7*q. Does 14 divide q?
False
Let v(a) = 8*a**2 - 53*a - 278. Is v(-20) a multiple of 7?
False
Is 7 a factor of 9/(-6) + (-154)/(-84) + (-14570)/(-3)?
False
Let n = 510 + -519. Let l(m) = -36*m + 1. Let x be l(2). Let q = n - x. Is q a multiple of 7?
False
Let y = -8403 + 9368. Is y a multiple of 6?
False
Suppose -4*w = 4*y - 23488, -5*y + w + 149 = -29247. Does 150 divide y?
False
Let l(z) = z - 4. Let i be l(9). Suppose -t = r - 1, i*r + 0*r + 5 = 0. Suppose -2*a - 4*x + 202 = -34, -t*a - 5*x = -232. Is 14 a factor of a?
True
Let a(z) = -7991*z - 1059. Does 22 divide a(-4)?
False
Let c = 6846 - 6837. Let m = 1 + 0. Does 16 divide 6*(129/c + m) - -4?
True
Let b = 3 - -1554. Does 17 divide b?
False
Suppose 13*w + w = -224. Let c(x) = x + 51. Let a be c(w). Suppose -84 = a*m - 41*m. Is 4 a factor of m?
False
Let f = 2182 + 2349. Is f a multiple of 8?
False
Let g be ((0*(-4)/(-20))/2)/(-1). Suppose g = -23*p + 11*p + 3780. Is p a multiple of 16?
False
Suppose -4*i + 200 - 912 = 0. Let w be 36/(-8)*(-4)/3. Is (6 + -9)*i/w*2 a multiple of 13?
False
Suppose 4*o = 5*s + 15210, s - 2451 = 2*o - 10053. Is o a multiple of 10?
True
Let o = -360 - -2844. Suppose -4*x - o = -13*x. Suppose -y + x = -0*y. Does 13 divide y?
False
Suppose -13*l = -30 - 35. Suppose 12*t - 749 = 7*t + 2*b, -753 = -l*t + 4*b. Is t a multiple of 34?
False
Suppose 2*d = 0, 16 = 5*j - 5*d - 9. Suppose 3*h + 132 = j*h. Does 3 divide h?
True
Let i(d) = 2*d**3 - 15*d**2 - 60*d + 47. Does 37 divide i(11)?
False
Let z(c) = c**3 - 7*c**2 + 9*c + 7. Let v be z(5). Let p(q) = 46*q**2 - 12*q + 24. Is 23 a factor of p(v)?
True
Let n(u) = -3*u**3 + 17*u**2 + 22*u - 44. Let d(k) = -7*k**3 + 33*k**2 + 44*k - 88. Let w(a) = -2*d(a) + 5*n(a). Does 11 divide w(19)?
True
Let m(h) = -h**3 - 4*h**2 - h - 3. Let y be (0 - -3 - -1)/(6 - 7). Let u be m(y). Does 20 divide 72 + (u - 0)*(7 + -6)?
False
Suppose -5*q + 3*z + z = -14, z = 4*q - 20. Let n(k) = k**3 + 7*k**2 - k - 40. Let o be n(-6). Does 12 divide -4 + o - 166/q*-3?
False
Let t be (0 + 1)*(-144)/(-6). Suppose -j + t = 3*j. Suppose 0*x = -2*x + j. Does 2 divide x?
False
Suppose 4*c - 23 = -2*z - 3, 0 = -2*z. Suppose 813 = 2*g - 2*k + 5*k, -c*g + 3*k = -2022. Is 12 a factor of g?
False
Is (-1)/25 - ((-85404)/100 - 2) a multiple of 3?
False
Suppose 111*p - 149*p = -537358. Does 179 divide p?
True
Let z(d) = -250*d**3 - 24*d**2 - 2*d - 3. Is 370 a factor of z(-3)?
False
Is (-7)/((-847)/(-66)) + 11916/66 a multiple of 2?
True
Let w(d) = -55*d - 74. Let s(g) = 19*g + 24. Let j(o) = 11*s(o) + 4*w(o). Is j(-6) a multiple of 12?
False
Suppose 7*i - 3*t - 965 = 2*i, 4*i - 4*t = 780. Suppose 350 = 10*h - i. Is h a multiple of 9?
True
Suppose -48620 = -10*o - 10*o - 14*o. Does 22 divide o?
True
Is 25 a factor of 76/10 + (-168)/(-420) - -567?
True
Let y(f) be the second derivative of -f**3/3 - 3*f**2/2 - 37*f. Let a be y(-4). Suppose 236 = 3*p - a*b, 2*b = 2*p + p - 224. Does 8 divide p?
True
Let k be (-6)/(-4) + 686/196. Suppose 5*i + 2644 = k*a + 4*i, i + 4 = 0. Is 12 a factor of a?
True
Let p(n) = 108*n**2 + 10*n - 15. Is p(-2) a multiple of 9?
False
Let g(d) be the second derivative of d**3/6 + 3*d**2/2 + 9*d. Let z be g(2). Suppose -3*f = -5*c + 597, 0 = -3*f - 7 - z. Is 13 a factor of c?
True
Suppose 3*l - 2*h - 20245 = 0, 0*l - 2*h = -4*l + 26996. Is 25 a factor of l?
False
Let r = 169 + -173. Is 358 + r/2 + 2 a multiple of 57?
False
Suppose -4*g - s = -680, -4 = 2*s - s. Let z = 611 - g. Is z a multiple of 54?
False
Suppose -f + 1 + 5 = 0. Suppose 2*m - 21 = 2*k + 7*m, -2*k + m + 9 = 0. Suppose k*n + 256 = f*n. Is n a multiple of 32?
True
Is (-960)/(-9)*243/36 a multiple of 12?
True
Let z(u) = -5*u - 30. Let t = 87 - 83. Let j = t + -15. Does 3 divide z(j)?
False
Let n = 1046 + 10470. Does 31 divide n?
False
Let d be ((-15)/(-9) - 1)/((-6)/9). Is 5 a factor of (-2 - d)*-1*(-511)/(-7)?
False
Is ((-9170)/28)/(145/(-858) - (-4)/26) a multiple of 11?
True
Suppose -16 = -4*i - 460. Let j be (-375)/3 + 12/(-3). Let d = i - j. Is d a multiple of 3?
True
Suppose 0 = g - 2*v - 4641, 3*g = 28*v - 32*v + 13943. Suppose 3*t - 3 = 0, 5*o - 2005 = 5*t + g. Is o a multiple of 11?
True
Let i = 99 + -228. Let z = 92 - i. Is 19 a factor of z?
False
Suppose 6*m - 10 - 14 = 0. Suppose 1 = -2*l - 5*b + 3, -28 = 5*l - m*b. Is (5 + 1)*26*(-2)/l a multiple of 11?
False
Suppose -21918 = 48*v - 109432 - 91094. Is 4 a factor of v?
False
Suppose 0 = 4*u + 55 - 47. Let z be u/8 - (-3336)/32. Suppose 2*h - 66 = 4*t + z, 0 = -4*h + 4*t + 324. Is 27 a factor of h?
False
Let i = 356 - 248. Let m = i - -124. Is m a multiple of 29?
True
Let t = -19 - -22. Suppose 11*z - t*z = 32. Suppose -z*q - 21 = -77. Is q a multiple of 13?
False
Let l(b) = 25*b + b + 4*b - 14*b**2 - 147 + 15*b**2. Does 67 divide l(-44)?
True
Let w(c) = 2*c**2 + 18*c + 5. Let q be w(-9). Suppose -3*h + 127 = 3*o - o, -210 = -q*h - 3*o. Suppose -5*p + 0*p = -2*u + h, -3*u + 6 = 3*p. Is u even?
False
Let m(x) be the first derivative of -10*x - 1/3*x**3 + 7*x**2 + 4. Does 15 divide m(10)?
True
Is (-89302)/(-7) + (-2016)/(-3528) a multiple of 3?
False
Is (-6 - -15)*(-9466)/(-15) - (-2)/5 a multiple of 5?
True
Suppose -2*t = -10*w + 6*w - 36324, t = w + 18170. Does 122 divide t?
True
Let h be 1*(-3)/(-9) - (-1819)/51. Suppose -3 = 4*t - 15. Suppose h = -t*d + 129. Is d a multiple of 31?
True
Let u(f) = 24*f**2 + 6*f - 12. Let x be (-159)/(-18) + 5/30. Let m(v) = 2*v**2 - 15*v - 25. Let b be m(x). Is u(b) a multiple of 8?
True
Let f = 297 + -342. Let u = 370 - f. Is 13 a factor of u?
False
Suppose 99699 = 36*h - 23455 - 173666. Is 12 a factor of h?
False
Let l(t) = -t**3 + 17*t**2 - 14*t - 23. Suppose 0 = -14*d + 159 + 9. Let r be l(d). Suppose 169 = 5*p - 2*u - r, -u = 2*p - 272. Is p a multiple of 15?
False
Let h = 10 - 4. Let i(p) = 8*p**2 + 11*p - 5. Let d(v) = -v**2 - v. Let q(s) = h*d(s) + i(s). Is q(-7) a multiple of 29?
True
Is -15*7/28*-804 a multiple of 56?
False
Let b(w) = -9*w**3 - 5*w**2 + 2*w + 35169. Is b(0) a multiple of 38?
False
Let t(z) = -20*z - 56. Let c be t(-15). Suppose 0 = 2*j + 3*n - c, 5*j - 329 - 298 = n. Is j a multiple of 14?
False
Let n be (-9)/(-6)*-1 + (-3910)/(-20). Suppose 606 = 2*j + 2*y - n, -788 = -2*j + y. Is j a multiple of 33?
True
Let n(k) = -4*k**3 - 5*k**2 + 5*k + 12. Let w be n(-4). Does 6 divide (11/(231/90))/(6/w)?
True
Let a(j) = j**2 + 8*j + 8. Let s be (-34)/4 + 7/(-56)*-4. Let y be a(s). Is (18/y)/(6/16) a multiple of 3?
True
Suppose 28*n = 17933 + 23899. Is n a multiple of 18?
True
Let n = 163 - 105. Suppose 2*z - 139 - 55 = 3*g, -g - z = n. Let x = g + 80. Does 3 divide x?
True
Suppose -17*m = -45*m - 127*m + 4620395. Is 153 a factor of m?
False
Suppose -154*p + 893609 - 182129 = 0. Does 77 divide p?
True
Suppose 0 = 13*h - 21*h - 50*h + 467248. Does 15 divide h?
False
Suppose -4*i + 3*q + q = 0, -3*q + 9 = 0. Suppose i*m - 990 = -27*h + 26*h, -3*m + 990 = -2*h. Does 30 divide m?
True
Suppose 30 = 5*a - 2*m, -6*a - 4 = -4*a - 4*m. Is 4/((64/1492)/a) a multiple of 71?
False
Let c(a) = 21*a**2 - 23*a - 144. Suppose -l - 4*l - 25 = 0. Is c(l) a multiple of 14?
False
Let i be (16/(-3))/((-2)/18). Suppose 0*r + i = 4*r. Suppose -r*l + 96 = -4*l. Is 2 a factor of l?
True
Let f = 10368 + -7344. Does 12 divide f?
True
Does 101 divide 19 + 344/(-18) + 137260/9?
True
Let k be 62/217*(-7)/(-2). Suppose -5 + 1 = 2*j. Is (j - -4)*(k + (-63)/(-6)) even?
False
Suppose -20 = 14*o - 6. Let h be o/(-3) + 0 + 16/6. Is 39 a f